{"id":3918,"date":"2020-10-30T20:44:13","date_gmt":"2020-10-30T19:44:13","guid":{"rendered":"https:\/\/vitaminkistl.at\/index.php\/produkt\/bucklige-welt-apfelmost-extratrocken-n-landessieger\/"},"modified":"2023-09-13T15:09:20","modified_gmt":"2023-09-13T13:09:20","slug":"bucklige-welt-apfelmost-extratrocken-n-landessieger","status":"publish","type":"product","link":"https:\/\/vitaminkistl.at\/index.php\/produkt\/bucklige-welt-apfelmost-extratrocken-n-landessieger\/","title":{"rendered":"Bucklige Welt Apfelmost extratrocken (N\u00d6 Landessieger); 6&#215;0,75l"},"content":{"rendered":"<p>Menge: 6 Flaschen<\/p>\n<p>Inhaltsstoffe: 100 % Apfelwein (Most) Breaburn, enth\u00e4lt Sulfite<\/p>\n<p>Alkoholgehalt: 7,5% Vol.<\/p>\n","protected":false},"excerpt":{"rendered":"<p>Der Bucklige Welt Apfelmost ist ein reines, regionales Naturprodukt von h\u00f6chster Qualit\u00e4t. Hergestellt aus frischen, sonnengereiften, handverlesenen \u00c4pfeln und CO2-neutral produziert, bereitet er sortentypisches, unverwechselbares Trinkvergn\u00fcgen in drei Sorten. Schillert goldgelb im Glas verstr\u00f6mt der Apfelmost \u201eCuve\u00e9\u201c den typischen Duft von reifen \u00c4pfeln und pr\u00e4sentiert sich am Gaumen jung und frech mit angenehmen Zucker-S\u00e4ure Spiel. Dieser Most spiegelt einzigartig den Charakter der Buckligen Welt wider!<\/p>\n","protected":false},"featured_media":4050,"template":"","meta":[],"product_brand":[],"product_cat":[60,57],"product_tag":[],"class_list":{"0":"post-3918","1":"product","2":"type-product","3":"status-publish","4":"has-post-thumbnail","6":"product_cat-alkoholische-getraenke","7":"product_cat-getraenke","9":"first","10":"instock","11":"taxable","12":"shipping-taxable","13":"purchasable","14":"product-type-simple"},"yoast_head":"<!-- This site is optimized with the Yoast SEO plugin v27.5 - https:\/\/yoast.com\/product\/yoast-seo-wordpress\/ -->\n<title>Vitaminkistl - vitaminkistl.at - regional saisonal mit Liebe<\/title>\n<meta name=\"description\" content=\"Wir vom Vitaminkistl haben es uns zur Aufgabe gemacht, euch mit regionalen K\u00f6stlichkeiten zu verw\u00f6hnen.\" \/>\n<meta name=\"robots\" content=\"index, follow, max-snippet:-1, max-image-preview:large, max-video-preview:-1\" \/>\n<link rel=\"canonical\" href=\"https:\/\/vitaminkistl.at\/index.php\/produkt\/bucklige-welt-apfelmost-extratrocken-n-landessieger\/\" \/>\n<meta property=\"og:locale\" content=\"de_DE\" \/>\n<meta property=\"og:type\" content=\"article\" \/>\n<meta property=\"og:title\" content=\"Vitaminkistl - vitaminkistl.at - regional saisonal mit Liebe\" \/>\n<meta property=\"og:description\" content=\"Wir vom Vitaminkistl haben es uns zur Aufgabe gemacht, euch mit regionalen K\u00f6stlichkeiten zu verw\u00f6hnen.\" \/>\n<meta property=\"og:url\" content=\"https:\/\/vitaminkistl.at\/index.php\/produkt\/bucklige-welt-apfelmost-extratrocken-n-landessieger\/\" \/>\n<meta property=\"og:site_name\" content=\"vitaminkistl.at\" \/>\n<meta property=\"article:modified_time\" content=\"2023-09-13T13:09:20+00:00\" \/>\n<meta property=\"og:image\" content=\"https:\/\/vitaminkistl.at\/wp-content\/uploads\/2020\/10\/Bucklige-Welt-Apfelmost.jpg\" \/>\n\t<meta property=\"og:image:width\" content=\"800\" \/>\n\t<meta property=\"og:image:height\" content=\"800\" \/>\n\t<meta property=\"og:image:type\" content=\"image\/jpeg\" \/>\n<meta name=\"twitter:card\" content=\"summary_large_image\" \/>\n<meta name=\"twitter:label1\" content=\"Gesch\u00e4tzte Lesezeit\" \/>\n\t<meta name=\"twitter:data1\" content=\"1\u00a0Minute\" \/>\n<script type=\"application\/ld+json\" class=\"yoast-schema-graph\">{\"@context\":\"https:\\\/\\\/schema.org\",\"@graph\":[{\"@type\":\"WebPage\",\"@id\":\"https:\\\/\\\/vitaminkistl.at\\\/index.php\\\/produkt\\\/bucklige-welt-apfelmost-extratrocken-n-landessieger\\\/\",\"url\":\"https:\\\/\\\/vitaminkistl.at\\\/index.php\\\/produkt\\\/bucklige-welt-apfelmost-extratrocken-n-landessieger\\\/\",\"name\":\"Vitaminkistl - vitaminkistl.at - regional saisonal mit Liebe\",\"isPartOf\":{\"@id\":\"https:\\\/\\\/vitaminkistl.at\\\/#website\"},\"primaryImageOfPage\":{\"@id\":\"https:\\\/\\\/vitaminkistl.at\\\/index.php\\\/produkt\\\/bucklige-welt-apfelmost-extratrocken-n-landessieger\\\/#primaryimage\"},\"image\":{\"@id\":\"https:\\\/\\\/vitaminkistl.at\\\/index.php\\\/produkt\\\/bucklige-welt-apfelmost-extratrocken-n-landessieger\\\/#primaryimage\"},\"thumbnailUrl\":\"https:\\\/\\\/vitaminkistl.at\\\/wp-content\\\/uploads\\\/2020\\\/10\\\/Bucklige-Welt-Apfelmost.jpg\",\"datePublished\":\"2020-10-30T19:44:13+00:00\",\"dateModified\":\"2023-09-13T13:09:20+00:00\",\"description\":\"Wir vom Vitaminkistl haben es uns zur Aufgabe gemacht, euch mit regionalen K\u00f6stlichkeiten zu verw\u00f6hnen.\",\"breadcrumb\":{\"@id\":\"https:\\\/\\\/vitaminkistl.at\\\/index.php\\\/produkt\\\/bucklige-welt-apfelmost-extratrocken-n-landessieger\\\/#breadcrumb\"},\"inLanguage\":\"de\",\"potentialAction\":[{\"@type\":\"ReadAction\",\"target\":[\"https:\\\/\\\/vitaminkistl.at\\\/index.php\\\/produkt\\\/bucklige-welt-apfelmost-extratrocken-n-landessieger\\\/\"]}]},{\"@type\":\"ImageObject\",\"inLanguage\":\"de\",\"@id\":\"https:\\\/\\\/vitaminkistl.at\\\/index.php\\\/produkt\\\/bucklige-welt-apfelmost-extratrocken-n-landessieger\\\/#primaryimage\",\"url\":\"https:\\\/\\\/vitaminkistl.at\\\/wp-content\\\/uploads\\\/2020\\\/10\\\/Bucklige-Welt-Apfelmost.jpg\",\"contentUrl\":\"https:\\\/\\\/vitaminkistl.at\\\/wp-content\\\/uploads\\\/2020\\\/10\\\/Bucklige-Welt-Apfelmost.jpg\",\"width\":800,\"height\":800,\"caption\":\"Bucklige Welt Apfelmost\"},{\"@type\":\"BreadcrumbList\",\"@id\":\"https:\\\/\\\/vitaminkistl.at\\\/index.php\\\/produkt\\\/bucklige-welt-apfelmost-extratrocken-n-landessieger\\\/#breadcrumb\",\"itemListElement\":[{\"@type\":\"ListItem\",\"position\":1,\"name\":\"Home\",\"item\":\"https:\\\/\\\/vitaminkistl.at\\\/index.php\\\/vitaminkistl\\\/\"},{\"@type\":\"ListItem\",\"position\":2,\"name\":\"Shop\",\"item\":\"https:\\\/\\\/vitaminkistl.at\\\/index.php\\\/shop\\\/\"},{\"@type\":\"ListItem\",\"position\":3,\"name\":\"Bucklige Welt Apfelmost extratrocken (N\u00d6 Landessieger); 6&#215;0,75l\"}]},{\"@type\":\"WebSite\",\"@id\":\"https:\\\/\\\/vitaminkistl.at\\\/#website\",\"url\":\"https:\\\/\\\/vitaminkistl.at\\\/\",\"name\":\"vitaminkistl.at\",\"description\":\"Das regionale Obst bzw. Gem\u00fcsekistl\",\"publisher\":{\"@id\":\"https:\\\/\\\/vitaminkistl.at\\\/#organization\"},\"potentialAction\":[{\"@type\":\"SearchAction\",\"target\":{\"@type\":\"EntryPoint\",\"urlTemplate\":\"https:\\\/\\\/vitaminkistl.at\\\/?s={search_term_string}\"},\"query-input\":{\"@type\":\"PropertyValueSpecification\",\"valueRequired\":true,\"valueName\":\"search_term_string\"}}],\"inLanguage\":\"de\"},{\"@type\":\"Organization\",\"@id\":\"https:\\\/\\\/vitaminkistl.at\\\/#organization\",\"name\":\"Vitaminkistl\",\"url\":\"https:\\\/\\\/vitaminkistl.at\\\/\",\"logo\":{\"@type\":\"ImageObject\",\"inLanguage\":\"de\",\"@id\":\"https:\\\/\\\/vitaminkistl.at\\\/#\\\/schema\\\/logo\\\/image\\\/\",\"url\":\"https:\\\/\\\/vitaminkistl.at\\\/wp-content\\\/uploads\\\/2020\\\/03\\\/Logo_Vitaminkistl_v1.png\",\"contentUrl\":\"https:\\\/\\\/vitaminkistl.at\\\/wp-content\\\/uploads\\\/2020\\\/03\\\/Logo_Vitaminkistl_v1.png\",\"width\":1036,\"height\":291,\"caption\":\"Vitaminkistl\"},\"image\":{\"@id\":\"https:\\\/\\\/vitaminkistl.at\\\/#\\\/schema\\\/logo\\\/image\\\/\"}}]}<\/script>\n<!-- \/ Yoast SEO plugin. -->","yoast_head_json":{"title":"Vitaminkistl - vitaminkistl.at - regional saisonal mit Liebe","description":"Wir vom Vitaminkistl haben es uns zur Aufgabe gemacht, euch mit regionalen K\u00f6stlichkeiten zu verw\u00f6hnen.","robots":{"index":"index","follow":"follow","max-snippet":"max-snippet:-1","max-image-preview":"max-image-preview:large","max-video-preview":"max-video-preview:-1"},"canonical":"https:\/\/vitaminkistl.at\/index.php\/produkt\/bucklige-welt-apfelmost-extratrocken-n-landessieger\/","og_locale":"de_DE","og_type":"article","og_title":"Vitaminkistl - vitaminkistl.at - regional saisonal mit Liebe","og_description":"Wir vom Vitaminkistl haben es uns zur Aufgabe gemacht, euch mit regionalen K\u00f6stlichkeiten zu verw\u00f6hnen.","og_url":"https:\/\/vitaminkistl.at\/index.php\/produkt\/bucklige-welt-apfelmost-extratrocken-n-landessieger\/","og_site_name":"vitaminkistl.at","article_modified_time":"2023-09-13T13:09:20+00:00","og_image":[{"width":800,"height":800,"url":"https:\/\/vitaminkistl.at\/wp-content\/uploads\/2020\/10\/Bucklige-Welt-Apfelmost.jpg","type":"image\/jpeg"}],"twitter_card":"summary_large_image","twitter_misc":{"Gesch\u00e4tzte Lesezeit":"1\u00a0Minute"},"schema":{"@context":"https:\/\/schema.org","@graph":[{"@type":"WebPage","@id":"https:\/\/vitaminkistl.at\/index.php\/produkt\/bucklige-welt-apfelmost-extratrocken-n-landessieger\/","url":"https:\/\/vitaminkistl.at\/index.php\/produkt\/bucklige-welt-apfelmost-extratrocken-n-landessieger\/","name":"Vitaminkistl - vitaminkistl.at - regional saisonal mit Liebe","isPartOf":{"@id":"https:\/\/vitaminkistl.at\/#website"},"primaryImageOfPage":{"@id":"https:\/\/vitaminkistl.at\/index.php\/produkt\/bucklige-welt-apfelmost-extratrocken-n-landessieger\/#primaryimage"},"image":{"@id":"https:\/\/vitaminkistl.at\/index.php\/produkt\/bucklige-welt-apfelmost-extratrocken-n-landessieger\/#primaryimage"},"thumbnailUrl":"https:\/\/vitaminkistl.at\/wp-content\/uploads\/2020\/10\/Bucklige-Welt-Apfelmost.jpg","datePublished":"2020-10-30T19:44:13+00:00","dateModified":"2023-09-13T13:09:20+00:00","description":"Wir vom Vitaminkistl haben es uns zur Aufgabe gemacht, euch mit regionalen K\u00f6stlichkeiten zu verw\u00f6hnen.","breadcrumb":{"@id":"https:\/\/vitaminkistl.at\/index.php\/produkt\/bucklige-welt-apfelmost-extratrocken-n-landessieger\/#breadcrumb"},"inLanguage":"de","potentialAction":[{"@type":"ReadAction","target":["https:\/\/vitaminkistl.at\/index.php\/produkt\/bucklige-welt-apfelmost-extratrocken-n-landessieger\/"]}]},{"@type":"ImageObject","inLanguage":"de","@id":"https:\/\/vitaminkistl.at\/index.php\/produkt\/bucklige-welt-apfelmost-extratrocken-n-landessieger\/#primaryimage","url":"https:\/\/vitaminkistl.at\/wp-content\/uploads\/2020\/10\/Bucklige-Welt-Apfelmost.jpg","contentUrl":"https:\/\/vitaminkistl.at\/wp-content\/uploads\/2020\/10\/Bucklige-Welt-Apfelmost.jpg","width":800,"height":800,"caption":"Bucklige Welt Apfelmost"},{"@type":"BreadcrumbList","@id":"https:\/\/vitaminkistl.at\/index.php\/produkt\/bucklige-welt-apfelmost-extratrocken-n-landessieger\/#breadcrumb","itemListElement":[{"@type":"ListItem","position":1,"name":"Home","item":"https:\/\/vitaminkistl.at\/index.php\/vitaminkistl\/"},{"@type":"ListItem","position":2,"name":"Shop","item":"https:\/\/vitaminkistl.at\/index.php\/shop\/"},{"@type":"ListItem","position":3,"name":"Bucklige Welt Apfelmost extratrocken (N\u00d6 Landessieger); 6&#215;0,75l"}]},{"@type":"WebSite","@id":"https:\/\/vitaminkistl.at\/#website","url":"https:\/\/vitaminkistl.at\/","name":"vitaminkistl.at","description":"Das regionale Obst bzw. Gem\u00fcsekistl","publisher":{"@id":"https:\/\/vitaminkistl.at\/#organization"},"potentialAction":[{"@type":"SearchAction","target":{"@type":"EntryPoint","urlTemplate":"https:\/\/vitaminkistl.at\/?s={search_term_string}"},"query-input":{"@type":"PropertyValueSpecification","valueRequired":true,"valueName":"search_term_string"}}],"inLanguage":"de"},{"@type":"Organization","@id":"https:\/\/vitaminkistl.at\/#organization","name":"Vitaminkistl","url":"https:\/\/vitaminkistl.at\/","logo":{"@type":"ImageObject","inLanguage":"de","@id":"https:\/\/vitaminkistl.at\/#\/schema\/logo\/image\/","url":"https:\/\/vitaminkistl.at\/wp-content\/uploads\/2020\/03\/Logo_Vitaminkistl_v1.png","contentUrl":"https:\/\/vitaminkistl.at\/wp-content\/uploads\/2020\/03\/Logo_Vitaminkistl_v1.png","width":1036,"height":291,"caption":"Vitaminkistl"},"image":{"@id":"https:\/\/vitaminkistl.at\/#\/schema\/logo\/image\/"}}]}},"tiered_pricing_type":"fixed","tiered_pricing_fixed_rules":[],"tiered_pricing_product_settings":{"layout":"default","base_unit_name":{"singular":null,"plural":null},"default_variation":null},"tiered_pricing_minimum_quantity":null,"tiered_pricing_roles_data":[],"tiered_pricing_percentage_rules":[],"_links":{"self":[{"href":"https:\/\/vitaminkistl.at\/index.php\/wp-json\/wp\/v2\/product\/3918","targetHints":{"allow":["GET"]}}],"collection":[{"href":"https:\/\/vitaminkistl.at\/index.php\/wp-json\/wp\/v2\/product"}],"about":[{"href":"https:\/\/vitaminkistl.at\/index.php\/wp-json\/wp\/v2\/types\/product"}],"wp:featuredmedia":[{"embeddable":true,"href":"https:\/\/vitaminkistl.at\/index.php\/wp-json\/wp\/v2\/media\/4050"}],"wp:attachment":[{"href":"https:\/\/vitaminkistl.at\/index.php\/wp-json\/wp\/v2\/media?parent=3918"}],"wp:term":[{"taxonomy":"product_brand","embeddable":true,"href":"https:\/\/vitaminkistl.at\/index.php\/wp-json\/wp\/v2\/product_brand?post=3918"},{"taxonomy":"product_cat","embeddable":true,"href":"https:\/\/vitaminkistl.at\/index.php\/wp-json\/wp\/v2\/product_cat?post=3918"},{"taxonomy":"product_tag","embeddable":true,"href":"https:\/\/vitaminkistl.at\/index.php\/wp-json\/wp\/v2\/product_tag?post=3918"}],"curies":[{"name":"wp","href":"https:\/\/api.w.org\/{rel}","templated":true}]}}

Bucklige Welt Apfelmost extratrocken (NÖ Landessieger); 6&#215;0,75l

<p>Menge: 6 Flaschen</p>
<p>Inhaltsstoffe: 100 % Apfelwein (Most) Breaburn, enthält Sulfite</p>
<p>Alkoholgehalt: 7,5% Vol.</p>

<p>Der Bucklige Welt Apfelmost ist ein reines, regionales Naturprodukt von höchster Qualität. Hergestellt aus frischen, sonnengereiften, handverlesenen Äpfeln und CO2-neutral produziert, bereitet er sortentypisches, unverwechselbares Trinkvergnügen in drei Sorten. Schillert goldgelb im Glas verströmt der Apfelmost „Cuveé“ den typischen Duft von reifen Äpfeln und präsentiert sich am Gaumen jung und frech mit angenehmen Zucker-Säure Spiel. Dieser Most spiegelt einzigartig den Charakter der Buckligen Welt wider!</p>

<!-- This site is optimized with the Yoast SEO plugin v27.5 - https://yoast.com/product/yoast-seo-wordpress/ -->
<title>Vitaminkistl - vitaminkistl.at - regional saisonal mit Liebe</title>
<meta name="description" content="Wir vom Vitaminkistl haben es uns zur Aufgabe gemacht, euch mit regionalen Köstlichkeiten zu verwöhnen." />
<meta name="robots" content="index, follow, max-snippet:-1, max-image-preview:large, max-video-preview:-1" />
<link rel="canonical" href="https://vitaminkistl.at/index.php/produkt/bucklige-welt-apfelmost-extratrocken-n-landessieger/" />
<meta property="og:locale" content="de_DE" />
<meta property="og:type" content="article" />
<meta property="og:title" content="Vitaminkistl - vitaminkistl.at - regional saisonal mit Liebe" />
<meta property="og:description" content="Wir vom Vitaminkistl haben es uns zur Aufgabe gemacht, euch mit regionalen Köstlichkeiten zu verwöhnen." />
<meta property="og:url" content="https://vitaminkistl.at/index.php/produkt/bucklige-welt-apfelmost-extratrocken-n-landessieger/" />
<meta property="og:site_name" content="vitaminkistl.at" />
<meta property="article:modified_time" content="2023-09-13T13:09:20+00:00" />
<meta property="og:image" content="https://vitaminkistl.at/wp-content/uploads/2020/10/Bucklige-Welt-Apfelmost.jpg" />
	<meta property="og:image:width" content="800" />
	<meta property="og:image:height" content="800" />
	<meta property="og:image:type" content="image/jpeg" />
<meta name="twitter:card" content="summary_large_image" />
<meta name="twitter:label1" content="Geschätzte Lesezeit" />
	<meta name="twitter:data1" content="1 Minute" />
<script type="application/ld+json" class="yoast-schema-graph">{"@context":"https:\/\/schema.org","@graph":[{"@type":"WebPage","@id":"https:\/\/vitaminkistl.at\/index.php\/produkt\/bucklige-welt-apfelmost-extratrocken-n-landessieger\/","url":"https:\/\/vitaminkistl.at\/index.php\/produkt\/bucklige-welt-apfelmost-extratrocken-n-landessieger\/","name":"Vitaminkistl - vitaminkistl.at - regional saisonal mit Liebe","isPartOf":{"@id":"https:\/\/vitaminkistl.at\/#website"},"primaryImageOfPage":{"@id":"https:\/\/vitaminkistl.at\/index.php\/produkt\/bucklige-welt-apfelmost-extratrocken-n-landessieger\/#primaryimage"},"image":{"@id":"https:\/\/vitaminkistl.at\/index.php\/produkt\/bucklige-welt-apfelmost-extratrocken-n-landessieger\/#primaryimage"},"thumbnailUrl":"https:\/\/vitaminkistl.at\/wp-content\/uploads\/2020\/10\/Bucklige-Welt-Apfelmost.jpg","datePublished":"2020-10-30T19:44:13+00:00","dateModified":"2023-09-13T13:09:20+00:00","description":"Wir vom Vitaminkistl haben es uns zur Aufgabe gemacht, euch mit regionalen Köstlichkeiten zu verwöhnen.","breadcrumb":{"@id":"https:\/\/vitaminkistl.at\/index.php\/produkt\/bucklige-welt-apfelmost-extratrocken-n-landessieger\/#breadcrumb"},"inLanguage":"de","potentialAction":[{"@type":"ReadAction","target":["https:\/\/vitaminkistl.at\/index.php\/produkt\/bucklige-welt-apfelmost-extratrocken-n-landessieger\/"]}]},{"@type":"ImageObject","inLanguage":"de","@id":"https:\/\/vitaminkistl.at\/index.php\/produkt\/bucklige-welt-apfelmost-extratrocken-n-landessieger\/#primaryimage","url":"https:\/\/vitaminkistl.at\/wp-content\/uploads\/2020\/10\/Bucklige-Welt-Apfelmost.jpg","contentUrl":"https:\/\/vitaminkistl.at\/wp-content\/uploads\/2020\/10\/Bucklige-Welt-Apfelmost.jpg","width":800,"height":800,"caption":"Bucklige Welt Apfelmost"},{"@type":"BreadcrumbList","@id":"https:\/\/vitaminkistl.at\/index.php\/produkt\/bucklige-welt-apfelmost-extratrocken-n-landessieger\/#breadcrumb","itemListElement":[{"@type":"ListItem","position":1,"name":"Home","item":"https:\/\/vitaminkistl.at\/index.php\/vitaminkistl\/"},{"@type":"ListItem","position":2,"name":"Shop","item":"https:\/\/vitaminkistl.at\/index.php\/shop\/"},{"@type":"ListItem","position":3,"name":"Bucklige Welt Apfelmost extratrocken (NÖ Landessieger); 6&#215;0,75l"}]},{"@type":"WebSite","@id":"https:\/\/vitaminkistl.at\/#website","url":"https:\/\/vitaminkistl.at\/","name":"vitaminkistl.at","description":"Das regionale Obst bzw. Gemüsekistl","publisher":{"@id":"https:\/\/vitaminkistl.at\/#organization"},"potentialAction":[{"@type":"SearchAction","target":{"@type":"EntryPoint","urlTemplate":"https:\/\/vitaminkistl.at\/?s={search_term_string}"},"query-input":{"@type":"PropertyValueSpecification","valueRequired":true,"valueName":"search_term_string"}}],"inLanguage":"de"},{"@type":"Organization","@id":"https:\/\/vitaminkistl.at\/#organization","name":"Vitaminkistl","url":"https:\/\/vitaminkistl.at\/","logo":{"@type":"ImageObject","inLanguage":"de","@id":"https:\/\/vitaminkistl.at\/#\/schema\/logo\/image\/","url":"https:\/\/vitaminkistl.at\/wp-content\/uploads\/2020\/03\/Logo_Vitaminkistl_v1.png","contentUrl":"https:\/\/vitaminkistl.at\/wp-content\/uploads\/2020\/03\/Logo_Vitaminkistl_v1.png","width":1036,"height":291,"caption":"Vitaminkistl"},"image":{"@id":"https:\/\/vitaminkistl.at\/#\/schema\/logo\/image\/"}}]}</script>
<!-- / Yoast SEO plugin. -->

Wir vom Vitaminkistl haben es uns zur Aufgabe gemacht, euch mit regionalen Köstlichkeiten zu verwöhnen.

Das regionale Obst bzw. Gemüsekistl
