{"id":3290,"date":"2020-03-22T18:20:15","date_gmt":"2020-03-22T17:20:15","guid":{"rendered":"http:\/\/vitaminkistl.at\/?page_id=3290"},"modified":"2025-06-03T12:29:42","modified_gmt":"2025-06-03T10:29:42","slug":"datenschutzerklaerung","status":"publish","type":"page","link":"https:\/\/vitaminkistl.at\/index.php\/datenschutzerklaerung\/","title":{"rendered":"Datenschutzerkl\u00e4rung"},"content":{"rendered":"\n<style type=\"text\/css\" data-created_by=\"avia_inline_auto\" id=\"style-css-av-7auy4a-0586e73050ffbea86d8e38bbd38f044e\">\n.flex_column.av-7auy4a-0586e73050ffbea86d8e38bbd38f044e{\nborder-radius:0px 0px 0px 0px;\npadding:0px 0px 0px 0px;\n}\n<\/style>\n<div  class='flex_column av-7auy4a-0586e73050ffbea86d8e38bbd38f044e av_one_fifth  avia-builder-el-0  el_before_av_three_fifth  avia-builder-el-first  first flex_column_div av-zero-column-padding  '     ><\/div>\n\n<style type=\"text\/css\" data-created_by=\"avia_inline_auto\" id=\"style-css-av-5sv59m-a2896e38e22c999c887688daad13a1ad\">\n.flex_column.av-5sv59m-a2896e38e22c999c887688daad13a1ad{\nborder-radius:0px 0px 0px 0px;\npadding:0px 0px 0px 0px;\n}\n<\/style>\n<div  class='flex_column av-5sv59m-a2896e38e22c999c887688daad13a1ad av_three_fifth  avia-builder-el-1  el_after_av_one_fifth  el_before_av_one_fifth  flex_column_div av-zero-column-padding  '     ><section  class='av_textblock_section av-k83b3zlu-fcfbf9c60f0d43e3ea5e3682c9a6e123 '   itemscope=\"itemscope\" itemtype=\"https:\/\/schema.org\/CreativeWork\" ><div class='avia_textblock'  itemprop=\"text\" ><h1>Datenschutzerkl\u00e4rung<\/h1>\n<\/div><\/section><br \/>\n<div  class='hr av-3how22-054bd8103a5590cf74e142ffc3a1bb83 hr-default  avia-builder-el-3  el_after_av_textblock  el_before_av_textblock '><span class='hr-inner '><span class=\"hr-inner-style\"><\/span><\/span><\/div><br \/>\n<section  class='av_textblock_section av-k83b43fl-447f2e5146458dfcf496c6747151767a '   itemscope=\"itemscope\" itemtype=\"https:\/\/schema.org\/CreativeWork\" ><div class='avia_textblock'  itemprop=\"text\" ><p><strong>Nutzung der Daten, Speicherdauer, Kundenkonto<\/strong><br \/>\n(1) Bei der Verwendung der Nutzerdaten h\u00e4lt sich &#8222;FMS Lebensmittelhandel GmbH&#8220; an die geltenden Bestimmungen des Datenschutzes. Insbesondere erhebt, speichert und verarbeitet &#8222;FMS Lebensmittelhandel GmbH&#8220; personenbezogenen Daten nur sofern dies f\u00fcr die Erf\u00fcllung des Vertragszweckes erforderlich ist, oder der Nutzer ausdr\u00fccklich seine Einwilligung erkl\u00e4rt hat. Eine Verwendung Ihrer Daten im Rahmen des Vertragszweckes umfasst insbesondere auch die Nutzung der personenbezogenen Daten beim Anbahnen, beim Abschluss, beim Abwickeln und beim R\u00fcckabwickeln des Kaufvertrages mit &#8222;FMS Lebensmittelhandel GmbH&#8220;.<\/p>\n<p>(2) Die personenbezogenen Daten, die der Nutzer bei einer Anfrage oder per E-Mail an &#8222;FMS Lebensmittelhandel GmbH&#8220; mitteilt (z.B. Name, Telefon, Adresse, E-Mail-Adresse), werden nur zur Korrespondenz mit dem Nutzer und nur f\u00fcr den Zweck verarbeitet, zu dem der Nutzer uns die Daten zur Verf\u00fcgung gestellt hat.<\/p>\n<p>(3) &#8222;FMS Lebensmittelhandel GmbH&#8220; versichert, dass die personenbezogenen Daten im \u00dcbrigen nicht an Dritte weitergegeben werden. Es sei denn, dass sie dazu gesetzlich verpflichtet w\u00e4re oder der Nutzer der &#8222;FMS Lebensmittelhandel GmbH&#8220; vorher seine Zustimmung gegeben hat.<\/p>\n<p>(4) Personenbezogene Daten, die &#8222;FMS Lebensmittelhandel GmbH&#8220; mitgeteilt worden sind, werden nur so lange gespeichert, bis der Zweck erf\u00fcllt ist, zu dem sie &#8222;FMS Lebensmittelhandel GmbH&#8220; anvertraut wurden. Soweit handels- und steuerrechtliche Aufbewahrungsfristen zu beachten sind, kann die Speicherdauer zu bestimmten Daten bis zu 10 Jahre betragen.<\/p>\n<p><strong>Rechte des Nutzers<\/strong><br \/>\n(1) Der Nutzer hat das Recht, Auskunft zu erhalten, welche personenbezogenen Daten von ihm gespeichert sind sowie ein Recht auf Berichtigung oder L\u00f6schung dieser Daten. Die mit Registrierung erteilten Einwilligungen zur Speicherung der IP Adresse zum Zwecke einer optimalen und sicheren Bestellabwicklung ist ebenfalls jederzeit mit Wirkung f\u00fcr die Zukunft zu widerrufen in dem sie Ihr Benutzerkonto l\u00f6schen, oder uns mit der L\u00f6schung beauftragen. Eine entsprechende Anfrage ist zu senden an handel@fms.co.at.<\/p>\n<p><strong>Google Analytics<\/strong><br \/>\nDie Nutzung unserer Webseite ist in der Regel ohne Angabe personenbezogener Daten m\u00f6glich. Durch das Aufrufen unserer Website werden auf unserem Webserver keine personenbezogenen Daten gespeichert. Ihre IP-Adresse wird maximal 8 Wochen auf unserem Webserver gespeichert (anonymisiert). Wir setzen jedoch Google Analytics, einen Webanalysedienst der Google Inc. (\u201eGoogle\u201c) ein. Google verwendet Cookies. Die durch das Cookie erzeugten Informationen \u00fcber die Benutzung des Onlineangebotes durch die Nutzer werden in der Regel an einen Server von Google in den USA \u00fcbertragen und dort gespeichert. Google wird diese Informationen in unserem Auftrag benutzen, um die Nutzung unseres Onlineangebotes durch die Nutzer auszuwerten, um Reports \u00fcber die Aktivit\u00e4ten innerhalb dieses Onlineangebotes zusammenzustellen und um weitere mit der Nutzung dieses Onlineangebotes und der Internetnutzung verbundene Dienstleistungen uns gegen\u00fcber zu erbringen. Dabei k\u00f6nnen aus den verarbeiteten Daten pseudonyme Nutzungsprofile der Nutzer erstellt werden. Wir setzen Google Analytics nur mit aktivierter IP-Anonymisierung (auf dieser Webseite wurde der Google Analytics Code um \u201egat._anonymizeIp();\u201c erweitert, um ein datenschutzkonformes anonymisiertes Erfassen von IP-Adressen zu gew\u00e4hrleisten) ein. Das bedeutet, die IP-Adresse der Nutzer wird von Google innerhalb von Mitgliedstaaten der Europ\u00e4ischen Union oder in anderen Vertragsstaaten des Abkommens \u00fcber den Europ\u00e4ischen Wirtschaftsraum gek\u00fcrzt. Nur in Ausnahmef\u00e4llen wird die volle IP-Adresse an einen Server von Google in den USA \u00fcbertragen und dort gek\u00fcrzt. Die von dem Browser des Nutzers \u00fcbermittelte IP-Adresse wird nicht mit anderen Daten von Google zusammengef\u00fchrt.<br \/>\nDie Nutzer k\u00f6nnen die Speicherung der Cookies durch eine entsprechende Einstellung ihrer Browser-Software verhindern; die Nutzer k\u00f6nnen dar\u00fcber hinaus die Erfassung der durch das Cookie erzeugten und auf ihre Nutzung des Onlineangebotes bezogenen Daten an Google sowie die Verarbeitung dieser Daten durch Google verhindern, indem sie ein Browser-Plugin herunterladen und installieren. Weitere Informationen zur Datennutzung zu Werbezwecken durch Google, Einstellungs- und Widerspruchsm\u00f6glichkeiten erfahren Sie auf den Webseiten von Google: https:\/\/www.google.com\/intl\/de\/policies\/privacy\/partners\/ (\u201eDatennutzung durch Google bei Ihrer Nutzung von Websites oder Apps unserer Partner\u201c), http:\/\/www.google.com\/policies\/technologies\/ads (\u201eDatennutzung zu Werbezwe-cken\u201c), http:\/\/www.google.de\/settings\/ads (\u201eInformationen verwalten, die Google verwendet, um Ihnen Werbung einzublenden\u201c) und http:\/\/www.google.com\/ads\/preferences\/ (\u201eBestimmen Sie, welche Werbung Google Ihnen zeigt\u201c).<\/p>\n<p><strong>Google Tag Manager<\/strong><br \/>\nDer Google Tag Manager von Google Inc. ist eine L\u00f6sung, mit der Unternehmen Website-Tags \u00fcber eine Oberfl\u00e4che verwalten k\u00f6nnen. Diese Tags sind einfache Schl\u00fcsselw\u00f6rter, die verwendet werden, damit Werbung erscheint, die zu Ihren Interessen passt. Dabei handelt es sich um eine Cookie-freie Domain, die keinerlei personenbezogene Daten erfasst. Der Google Tag Manager sorgt f\u00fcr die Ausl\u00f6sung anderer Tags, die Daten erfassen k\u00f6nnen \u2013 er greift aber nicht auf diese Daten zu. Wenn auf Domain- oder Cookie-Ebene eine Deaktivierung vorgenommen wurde, bleibt diese \u00fcbrigens f\u00fcr alle Tracking-Tags bestehen, die mit Google Tag Manager implementiert werden. N\u00e4here Informationen zu Nutzungsbedingungen und Datenschutz finden Sie unter den Google Tag Manager Bedingungen bzw. unter der Google Tag Manager \u00dcbersicht.<\/p>\n<p><strong>Retargeting\/Remarketing Funktion<\/strong><br \/>\nDer Anbieter verwendet auf der Webseite die Remarketing- oder \u201c\u00c4hnliche Zielgruppen\u201d- Funktion der Google Inc. (\u201eGoogle\u201c) und Microsoft Inc. (Bing Ads). Mittels dieser Funktion kann der Anbieter die Besucher der Webseite zielgerichtet mit Werbung ansprechen, indem f\u00fcr Besucher der Webseite des Anbieters personalisierte, interessenbezogene Werbung-Anzeigen geschaltet werden, wenn sie andere Webseiten im Google oder Bing Display-Netzwerk besuchen. Zur Durchf\u00fchrung der Analyse der Webseiten- Nutzung, welche die Grundlage f\u00fcr die Erstellung der interessenbezogenen Werbeanzeigen bildet, setzt Google und Bing Cookies ein. Hierzu speichert Google und Bing eine kleine Datei mit einer Zahlenfolge in den Browsern der Besucher der Webseite. \u00dcber diese Zahl werden die Besuche der Webseite sowie anonymisierte Daten \u00fcber die Nutzung der Webseite erfasst. Es erfolgt keine Speicherung von personenbezogenen Daten der Besucher der Webseite. Besuchen Sie nachfolgend eine andere Webseite im Google oder Bing Display-Netzwerk werden Ihnen Werbeeinblendungen angezeigt, die mit hoher Wahrscheinlichkeit zuvor aufgerufene Produkt- und Informationsbereiche ber\u00fccksichtigen. Sie k\u00f6nnen die Verwendung von Cookies durch Google dauerhaft deaktivieren, indem Sie dem nachfolgenden Link folgen und das dort bereitgestellte Plug-In herunterladen und installieren: https:\/\/www.google.com\/settings\/ads\/plugin. Weiterf\u00fchrende Informationen zu Google und Bing Remarketing sowie die Datenschutzerkl\u00e4rung k\u00f6nnen Sie einsehen unter: https:\/\/policies.google.com\/privacy?hl=de und https:\/\/privacy.microsoft.com\/de-de\/privacystatement<\/p>\n<p><strong>Verwendung von Cookies<\/strong><br \/>\nDiese Webseite verwendet sog. Cookies, die auf Ihrem Computer abgespeichert werden. Bei \u201cCookies\u201d handelt es sich um kleine Textdateien, die von einer Website lokal im Speicher Ihres Internet-Browsers auf dem von Ihnen genutzten Rechner abgelegt werden k\u00f6nnen. Cookies erm\u00f6glichen insbesondere die Wiedererkennung des Internet-Browsers. Die Cookies unserer Website erheben keine pers\u00f6nlichen Daten \u00fcber Sie oder Ihre Nutzung. Einmal gesetzte Cookies k\u00f6nnen Sie jederzeit selbst l\u00f6schen, indem Sie den entsprechenden Men\u00fcpunkt in Ihrem Internet-Browser aufrufen oder die Cookies auf Ihrer Festplatte l\u00f6schen. Einzelheiten hierzu finden Sie im Hilfemen\u00fc Ihres Internet-Browsers.<\/p>\n<p><strong>Sonstiges<\/strong><br \/>\n(1) &#8222;FMS Lebensmittelhandel GmbH&#8220; verweist in seinem Netzwerk gelegentlich auf die Webseiten Dritter. Obwohl &#8222;FMS Lebensmittelhandel GmbH&#8220; diese Dritten sorgf\u00e4ltig aussucht, kann &#8222;FMS Lebensmittelhandel GmbH&#8220; keine Gew\u00e4hr und Haftung f\u00fcr die Richtigkeit bzw. Vollst\u00e4ndigkeit der Inhalte und die Datensicherheit von Websites Dritter \u00fcbernehmen. Auch gilt diese Datenschutzerkl\u00e4rung nicht f\u00fcr verlinkte Webseiten Dritter.<\/p>\n<p>(2) Eine Nutzung des &#8222;FMS Lebensmittelhandel GmbH&#8220; Netzwerks erfolgt mit dem Einsatz eines Cookies. Voraussetzung hierf\u00fcr ist, dass der Nutzer die Cookies in seinen Browsereinstellungen aktiviert hat, ansonsten kann es zu Darstellungsfehlern des jeweiligen Onlineportals kommen.<\/p>\n<p>(3) Soweit &#8222;FMS Lebensmittelhandel GmbH&#8220; neue Produkte oder Dienstleistungen einf\u00fchrt, Internet-Verfahren \u00e4ndert oder wenn sich die Internet- und EDV-Sicherheitstechnik weiterentwickelt, ist die Datenschutzerkl\u00e4rung zu aktualisieren. &#8222;FMS Lebensmittelhandel GmbH&#8220; beh\u00e4lt deshalb das Recht vor, die Erkl\u00e4rung nach Bedarf zu \u00e4ndern oder zu erg\u00e4nzen. Die \u00c4nderungen wird &#8222;FMS Lebensmittelhandel GmbH&#8220; an dieser Stelle ver\u00f6ffentlichen. Daher sollte der Nutzer diese Website regelm\u00e4\u00dfig aufrufen, um sich \u00fcber den aktuellen Stand der Datenschutzerkl\u00e4rung zu informieren.<\/p>\n<\/div><\/section><\/p><\/div>\n<style type=\"text\/css\" data-created_by=\"avia_inline_auto\" id=\"style-css-av-1x5zvu-4ac84a8bc0853d5c748977bc852009fd\">\n.flex_column.av-1x5zvu-4ac84a8bc0853d5c748977bc852009fd{\nborder-radius:0px 0px 0px 0px;\npadding:0px 0px 0px 0px;\n}\n<\/style>\n<div  class='flex_column av-1x5zvu-4ac84a8bc0853d5c748977bc852009fd av_one_fifth  avia-builder-el-5  el_after_av_three_fifth  avia-builder-el-last  flex_column_div av-zero-column-padding  '     ><\/div><\/p>\n","protected":false},"excerpt":{"rendered":"","protected":false},"author":1,"featured_media":0,"parent":0,"menu_order":0,"comment_status":"closed","ping_status":"closed","template":"","meta":{"footnotes":""},"class_list":["post-3290","page","type-page","status-publish","hentry"],"yoast_head":"<!-- This site is optimized with the Yoast SEO plugin v27.6 - https:\/\/yoast.com\/product\/yoast-seo-wordpress\/ -->\n<title>Vitaminkistl - vitaminkistl.at - regional saisonal mit Liebe<\/title>\n<meta name=\"description\" content=\"Wir vom Vitaminkistl haben es uns zur Aufgabe gemacht, euch mit regionalen K\u00f6stlichkeiten zu verw\u00f6hnen.\" \/>\n<meta name=\"robots\" content=\"index, follow, max-snippet:-1, max-image-preview:large, max-video-preview:-1\" \/>\n<link rel=\"canonical\" href=\"https:\/\/vitaminkistl.at\/index.php\/datenschutzerklaerung\/\" \/>\n<meta property=\"og:locale\" content=\"de_DE\" \/>\n<meta property=\"og:type\" content=\"article\" \/>\n<meta property=\"og:title\" content=\"Vitaminkistl - vitaminkistl.at - regional saisonal mit Liebe\" \/>\n<meta property=\"og:description\" content=\"Wir vom Vitaminkistl haben es uns zur Aufgabe gemacht, euch mit regionalen K\u00f6stlichkeiten zu verw\u00f6hnen.\" \/>\n<meta property=\"og:url\" content=\"https:\/\/vitaminkistl.at\/index.php\/datenschutzerklaerung\/\" \/>\n<meta property=\"og:site_name\" content=\"vitaminkistl.at\" \/>\n<meta property=\"article:modified_time\" content=\"2025-06-03T10:29:42+00:00\" \/>\n<meta name=\"twitter:card\" content=\"summary_large_image\" \/>\n<meta name=\"twitter:label1\" content=\"Gesch\u00e4tzte Lesezeit\" \/>\n\t<meta name=\"twitter:data1\" content=\"7\u00a0Minuten\" \/>\n<script type=\"application\/ld+json\" class=\"yoast-schema-graph\">{\"@context\":\"https:\\\/\\\/schema.org\",\"@graph\":[{\"@type\":\"WebPage\",\"@id\":\"https:\\\/\\\/vitaminkistl.at\\\/index.php\\\/datenschutzerklaerung\\\/\",\"url\":\"https:\\\/\\\/vitaminkistl.at\\\/index.php\\\/datenschutzerklaerung\\\/\",\"name\":\"Vitaminkistl - vitaminkistl.at - regional saisonal mit Liebe\",\"isPartOf\":{\"@id\":\"https:\\\/\\\/vitaminkistl.at\\\/#website\"},\"datePublished\":\"2020-03-22T17:20:15+00:00\",\"dateModified\":\"2025-06-03T10:29:42+00:00\",\"description\":\"Wir vom Vitaminkistl haben es uns zur Aufgabe gemacht, euch mit regionalen K\u00f6stlichkeiten zu verw\u00f6hnen.\",\"breadcrumb\":{\"@id\":\"https:\\\/\\\/vitaminkistl.at\\\/index.php\\\/datenschutzerklaerung\\\/#breadcrumb\"},\"inLanguage\":\"de\",\"potentialAction\":[{\"@type\":\"ReadAction\",\"target\":[\"https:\\\/\\\/vitaminkistl.at\\\/index.php\\\/datenschutzerklaerung\\\/\"]}]},{\"@type\":\"BreadcrumbList\",\"@id\":\"https:\\\/\\\/vitaminkistl.at\\\/index.php\\\/datenschutzerklaerung\\\/#breadcrumb\",\"itemListElement\":[{\"@type\":\"ListItem\",\"position\":1,\"name\":\"Home\",\"item\":\"https:\\\/\\\/vitaminkistl.at\\\/index.php\\\/vitaminkistl\\\/\"},{\"@type\":\"ListItem\",\"position\":2,\"name\":\"Datenschutzerkl\u00e4rung\"}]},{\"@type\":\"WebSite\",\"@id\":\"https:\\\/\\\/vitaminkistl.at\\\/#website\",\"url\":\"https:\\\/\\\/vitaminkistl.at\\\/\",\"name\":\"vitaminkistl.at\",\"description\":\"Das regionale Obst bzw. Gem\u00fcsekistl\",\"publisher\":{\"@id\":\"https:\\\/\\\/vitaminkistl.at\\\/#organization\"},\"potentialAction\":[{\"@type\":\"SearchAction\",\"target\":{\"@type\":\"EntryPoint\",\"urlTemplate\":\"https:\\\/\\\/vitaminkistl.at\\\/?s={search_term_string}\"},\"query-input\":{\"@type\":\"PropertyValueSpecification\",\"valueRequired\":true,\"valueName\":\"search_term_string\"}}],\"inLanguage\":\"de\"},{\"@type\":\"Organization\",\"@id\":\"https:\\\/\\\/vitaminkistl.at\\\/#organization\",\"name\":\"Vitaminkistl\",\"url\":\"https:\\\/\\\/vitaminkistl.at\\\/\",\"logo\":{\"@type\":\"ImageObject\",\"inLanguage\":\"de\",\"@id\":\"https:\\\/\\\/vitaminkistl.at\\\/#\\\/schema\\\/logo\\\/image\\\/\",\"url\":\"https:\\\/\\\/vitaminkistl.at\\\/wp-content\\\/uploads\\\/2020\\\/03\\\/Logo_Vitaminkistl_v1.png\",\"contentUrl\":\"https:\\\/\\\/vitaminkistl.at\\\/wp-content\\\/uploads\\\/2020\\\/03\\\/Logo_Vitaminkistl_v1.png\",\"width\":1036,\"height\":291,\"caption\":\"Vitaminkistl\"},\"image\":{\"@id\":\"https:\\\/\\\/vitaminkistl.at\\\/#\\\/schema\\\/logo\\\/image\\\/\"}}]}<\/script>\n<!-- \/ Yoast SEO plugin. -->","yoast_head_json":{"title":"Vitaminkistl - vitaminkistl.at - regional saisonal mit Liebe","description":"Wir vom Vitaminkistl haben es uns zur Aufgabe gemacht, euch mit regionalen K\u00f6stlichkeiten zu verw\u00f6hnen.","robots":{"index":"index","follow":"follow","max-snippet":"max-snippet:-1","max-image-preview":"max-image-preview:large","max-video-preview":"max-video-preview:-1"},"canonical":"https:\/\/vitaminkistl.at\/index.php\/datenschutzerklaerung\/","og_locale":"de_DE","og_type":"article","og_title":"Vitaminkistl - vitaminkistl.at - regional saisonal mit Liebe","og_description":"Wir vom Vitaminkistl haben es uns zur Aufgabe gemacht, euch mit regionalen K\u00f6stlichkeiten zu verw\u00f6hnen.","og_url":"https:\/\/vitaminkistl.at\/index.php\/datenschutzerklaerung\/","og_site_name":"vitaminkistl.at","article_modified_time":"2025-06-03T10:29:42+00:00","twitter_card":"summary_large_image","twitter_misc":{"Gesch\u00e4tzte Lesezeit":"7\u00a0Minuten"},"schema":{"@context":"https:\/\/schema.org","@graph":[{"@type":"WebPage","@id":"https:\/\/vitaminkistl.at\/index.php\/datenschutzerklaerung\/","url":"https:\/\/vitaminkistl.at\/index.php\/datenschutzerklaerung\/","name":"Vitaminkistl - vitaminkistl.at - regional saisonal mit Liebe","isPartOf":{"@id":"https:\/\/vitaminkistl.at\/#website"},"datePublished":"2020-03-22T17:20:15+00:00","dateModified":"2025-06-03T10:29:42+00:00","description":"Wir vom Vitaminkistl haben es uns zur Aufgabe gemacht, euch mit regionalen K\u00f6stlichkeiten zu verw\u00f6hnen.","breadcrumb":{"@id":"https:\/\/vitaminkistl.at\/index.php\/datenschutzerklaerung\/#breadcrumb"},"inLanguage":"de","potentialAction":[{"@type":"ReadAction","target":["https:\/\/vitaminkistl.at\/index.php\/datenschutzerklaerung\/"]}]},{"@type":"BreadcrumbList","@id":"https:\/\/vitaminkistl.at\/index.php\/datenschutzerklaerung\/#breadcrumb","itemListElement":[{"@type":"ListItem","position":1,"name":"Home","item":"https:\/\/vitaminkistl.at\/index.php\/vitaminkistl\/"},{"@type":"ListItem","position":2,"name":"Datenschutzerkl\u00e4rung"}]},{"@type":"WebSite","@id":"https:\/\/vitaminkistl.at\/#website","url":"https:\/\/vitaminkistl.at\/","name":"vitaminkistl.at","description":"Das regionale Obst bzw. Gem\u00fcsekistl","publisher":{"@id":"https:\/\/vitaminkistl.at\/#organization"},"potentialAction":[{"@type":"SearchAction","target":{"@type":"EntryPoint","urlTemplate":"https:\/\/vitaminkistl.at\/?s={search_term_string}"},"query-input":{"@type":"PropertyValueSpecification","valueRequired":true,"valueName":"search_term_string"}}],"inLanguage":"de"},{"@type":"Organization","@id":"https:\/\/vitaminkistl.at\/#organization","name":"Vitaminkistl","url":"https:\/\/vitaminkistl.at\/","logo":{"@type":"ImageObject","inLanguage":"de","@id":"https:\/\/vitaminkistl.at\/#\/schema\/logo\/image\/","url":"https:\/\/vitaminkistl.at\/wp-content\/uploads\/2020\/03\/Logo_Vitaminkistl_v1.png","contentUrl":"https:\/\/vitaminkistl.at\/wp-content\/uploads\/2020\/03\/Logo_Vitaminkistl_v1.png","width":1036,"height":291,"caption":"Vitaminkistl"},"image":{"@id":"https:\/\/vitaminkistl.at\/#\/schema\/logo\/image\/"}}]}},"_links":{"self":[{"href":"https:\/\/vitaminkistl.at\/index.php\/wp-json\/wp\/v2\/pages\/3290","targetHints":{"allow":["GET"]}}],"collection":[{"href":"https:\/\/vitaminkistl.at\/index.php\/wp-json\/wp\/v2\/pages"}],"about":[{"href":"https:\/\/vitaminkistl.at\/index.php\/wp-json\/wp\/v2\/types\/page"}],"author":[{"embeddable":true,"href":"https:\/\/vitaminkistl.at\/index.php\/wp-json\/wp\/v2\/users\/1"}],"replies":[{"embeddable":true,"href":"https:\/\/vitaminkistl.at\/index.php\/wp-json\/wp\/v2\/comments?post=3290"}],"version-history":[{"count":7,"href":"https:\/\/vitaminkistl.at\/index.php\/wp-json\/wp\/v2\/pages\/3290\/revisions"}],"predecessor-version":[{"id":7280,"href":"https:\/\/vitaminkistl.at\/index.php\/wp-json\/wp\/v2\/pages\/3290\/revisions\/7280"}],"wp:attachment":[{"href":"https:\/\/vitaminkistl.at\/index.php\/wp-json\/wp\/v2\/media?parent=3290"}],"curies":[{"name":"wp","href":"https:\/\/api.w.org\/{rel}","templated":true}]}}